ate -6 - (-6 - (4 - (4 - -3))).
-3
Calculate 3 + (6 - (5 + 0)).
4
What is 12 + -15 - (-1 - 4)?
2
-4 - (-3 + 1 + 3 + -7)
2
Calculate 14 + -12 - (-1 - 0).
3
Evaluate -1 - (-1 + -3) - (1 - -3).
-1
Calculate 6 + (-6 + (4 - -4) - 4).
4
1 - (1 - 4 - -3) - -2
3
-2 + 9 + (-6 - (6 - 13))
8
Evaluate (-9 - -6) + 4 + -2.
-1
What is the value of -2 + -3 - (-1 - 8) - 3?
1
0 + -1 - -1 - (-1 + 0)
1
-6 + 6 - (0 + 0) - 0
0
Evaluate -5 + (-2 + 4 + 0 - -2).
-1
Calculate -2 - (1 - 5 - -2).
0
What is the value of (4 - 0) + 3 + -6?
1
Evaluate (24 - 34) + (-1 - -8).
-3
Evaluate 11 - -2 - -4 - 5 - 4.
8
Calculate 10 + (-8 + -1 - -5).
6
What is -5 - (-2 - (-1 - -1))?
-3
Evaluate 1 + 0 - (1 - 2 - -6).
-4
What is the value of 0 + (-4 - (2 + -5))?
-1
Calculate (1 - -1 - 4) + 1 + 0.
-1
Evaluate -9 - (-3 - -7 - 14).
1
What is (9 - 24) + 2 - -13?
0
Evaluate 6 + 0 - (15 + -6).
-3
Evaluate 3 - ((-8 - -16) + -2).
-3
Evaluate 3 + 1 - 7 - 1.
-4
Evaluate -7 + 13 + 2 - 1.
7
Evaluate (-10 - -4) + (0 - -10).
4
Calculate -5 - 1 - (6 + -9).
-3
What is the value of -1 + 6 - 8 - (0 + 1)?
-4
Evaluate -21 - (-5 - -5) - -11.
-10
-12 + 10 - ((1 - 0) + -1)
-2
What is the value of (2 - (-2 + -1)) + -2?
3
What is the value of (-6 - -3) + (2 - -3)?
2
What is 8 - (10 + (-9 - -4))?
3
What is the value of -7 + -2 + (11 - 8 - -3)?
-3
-17 + (-5 - -21) - (0 - -1)
-2
Calculate 3 + (-1 - (7 - 5)).
0
Evaluate 5 + -2 - (34 - 23) - -5.
-3
8 + -3 + -2 + -6
-3
What is -1 + 8 - (8 - 3)?
2
Calculate -3 - 1 - (3 - 5 - 6).
4
What is -7 + (6 - (6 + 2))?
-9
What is -7 + 1 - (9 - 9)?
-6
What is -8 + (-1 - (-2 - 3)) + 1?
-3
What is (10 - 6 - (-2 - -7)) + -4?
-5
Evaluate (-22 - -11) + 5 + -1.
-7
Calculate -4 + (1 - (-3 - (-5 - -10))).
5
What is -4 - ((0 - 3) + (-3 - -5))?
-3
What is -10 + (3 + 0 + -2 - -4)?
-5
Calculate 10 - (-6 + 13 + (-8 - -5)).
6
Calculate (-66 - -76) + 0 + -15.
-5
Calculate 11 + 4 + -8 - (-1 - -2).
6
What is 0 + 0 - (-2 - -5)?
-3
Calculate 4 - ((-3 - 1) + -5 + 9).
4
What is (6 - (-1 + (-4 - -10))) + -5?
-4
What is 3 + 3 + (-3 - -2)?
5
What is -2 + (1 - (2 + 2))?
-5
Evaluate 2 - (2 + 2 + -1).
-1
What is the value of -1 + 0 + (-3 - (6 + -6))?
-4
Evaluate -2 + 3 - (-4 - -6 - 2).
1
Calculate -6 + (0 - 1) - (-25 - -21).
-3
-137 + 133 + (12 - 1)
7
Calculate 87 + -99 - (-7 + 1).
-6
What is the value of 0 - -5 - (11 - (1 + 3))?
-2
What is the value of (3 - (-4 - -14)) + 9?
2
4 - 15 - (-6 + -3)
-2
Evaluate 4 + (-1 - 2) + -4.
-3
What is 0 - (2 - 5) - 3?
0
What is -5 - -1 - (-3 + 0) - -2?
1
Evaluate (-7 - -8) + (1 - 2) + 5.
5
Calculate -2 + 2 - (2 + 3 + -5).
0
-4 + 5 - (-1 - (-3 - -6))
5
Evaluate 11 + -2 - 12 - 0.
-3
What is -7 + 6 + -3 - -9?
5
-1 - 4 - (-17 - -3)
9
(-1 - 0) + 0 + -2 + 5
2
Evaluate -8 + 10 + (0 - 1).
1
Calculate -12 - (10 - (2 - -11)).
-9
Evaluate (5 + -5 - -3) + 0.
3
(3 - 1 - -5) + (214 - 220)
1
-4 + (-10 - -8) + 4 + -2
-4
Evaluate -3 + -1 + (-7 - -8).
-3
Evaluate -4 + 0 + 2 - 2.
-4
Evaluate 2 + (-5 - 1) - (-35 + 26).
5
What is -5 + 13 + -10 + -8?
-10
Calculate 2 + (-1 - -3) + -2.
2
Calculate -9 + 9 + 12 + -10.
2
What is the value of 5 + -13 + 8 - (1 + -5)?
4
What is the value of 9 + -6 + (7 + -2 - 2)?
6
Evaluate -8 + (0 - -19) + -12.
-1
5 + -1 + -6 + 4
2
(0 - 1) + (-4 - (1 - 3))
-3
What is the value of (4 - -1) + (1 - (5 - 0))?
1
What is 5 + 1 + -1 + (-15 - -14)?
4
-4 - (7 + -4 - 2)
-5
Evaluate -1 + -3 + 6 + (1 - 8).
-5
What is 0 + 2 - (-3 - -6) - -4?
3
Evaluate 1 - -2 - 3 - (-6 - -2).
4
Evaluate 4 + 0 + (-4 - 0 - 2).
-2
-3 - (1 - (3 - 5) - 2)
-4
Calculate (-4 - 4) + 3 - -9.
4
-4 + 4 + -4 - (1 - 5)
0
What is (4 - (7 + -7 + 4)) + -6?
-6
-31 + 28 + 5 + -3
-1
What is 6 + -8 + 0 - (3 - 9)?
4
What is 6 + -4 + (8 - 6) + -1?
3
53 - 48 - (12 + 1)
-8
What is 2 + -5 - (-2 + -14 + 8)?
5
Calculate (4 - (3 - -3)) + 0 - -7.
5
Calculate 3 + (-7 - (-1 + 0) - 0).
-3
Calculate 4 + 0 - (-22 + 18 + 9).
-1
What is 2 + 3 + -3 + 1 + -8?
-5
Evaluate -2 + 0 - (-4 + 1 + 0).
1
What is 12 + -7 - (-2 + -1 - -12)?
-4
(1 - 9) + 3 + (1 - -2)
-2
(-1 - -1 - 2) + (11 - 4)
5
Evaluate -3 - (7 + -5) - (-1 - 0).
-4
-3 + 15 + (-15 - -8)
5
Evaluate 8 + -5 + -2 + -6.
-5
What is the value of -4 + -2 - -5 - 3?
-4
-1 - (0 + -6) - (-5 + 5)
5
Evaluate 2 + 9 + (-1 - 7).
3
-2 + 1 - 4 - (65 - 66)
-4
Evaluate 1 + -4 - -6 - (1 - -9).
-7
Evaluate (7 - (10 + -4)) + 0.
1
What is the value of 3 + -1 + (-3 - -7 - 6)?
0
What is (1 + 2 - 6) + 6?
3
Calculate (1 - -9) + 1 + -13.
-2
What is the value of -2 + 6 + -4 - -2?
2
What is the value of -1 - ((0 - 0) + -2)?
1
What is the value of 2 - (4 - (0 + (2 - 0)))?
0
Evaluate 5 + (1 - 9) + 4 + 0.
1
Evaluate 4 - (-10 - -7) - 4.
3
What is 4 + -12 + 6 + -2 + -3?
-7
What is the value of 7 + (-4 - (5 + (-2 - -3)))?
-3
Evaluate 0 - (1 + -2 + (-3 - -1)).
3
-5 + (-12 - (-22 + -3))
8
What is -3 + (3 + -1 - 4)?
-5
7 + -2 + -3 - -2
4
Calculate (-2 + 1 - -2) + (2 - 8).
-5
What is the value of (-5 - -2) + 2 - -3 - 0?
2
Calculate -9 + (-15 + 17 - (-2 - 1)).
-4
Evaluate (-11 - (-4 - -1)) + -26 + 31.
-3
1 + 8 + (-3 - 4)
2
What is 3 + (-3 - (-3 - 2)) + -6?
-1
What is the value of 47 + -42 - (13 + -2)?
-6
What is the value of 1 + (3 - (-6 - (-16 - 1)))?
-7
What is 1 + -1 - (-2 + 2)?
0
What is (-2 - (-1 - 9)) + -9?
-1
What is -5 + (5 - (-9 - -8))?
1
What is the value of (17 - 22) + (0 - -4) + -2?
-3
-3 - (-3 + -3 - -4) - 2
-3
13 + 4 + -8 + -5
4
What is the value of 9 - (5 + 0 + -1)?
5
Calculate 52 + -52 - (-1 - -6).
-5
29 + -35 - (-2 - 1)
-3
Evaluate -11 + 2 + 4 + 1.
-4
Evaluate ((4 - 2) + -1 - 8) + 3.
-4
Calculate (-3 - -2) + 7 - (2 + -1).
5
Calculate 6 + (2 - (12 - -4)).
-8
Calculate -5 + (1 - (0 - -5 - 3)).
-6
Evaluate 0 - (-2 + -12 - -8).
6
What is (3 - 6) + 1 - (-1 + 4)?
-5
Calculate 141 + -133 - (-1 - 0).
9
What is the value of 2 - (-2 + 3 + -3 - -3)?
1
Calculate -10 + -3 - (5 + -16).
-2
What is the value of -3 + (4 - 2 - -2)?
1
7 - (-10 - (5 + 5 + -17))
10
Calculate 0 + 5 + (-4 - (4 + 1)).
-4
Evaluate -2 - ((-6 - -10) + (-6 - 1)).
1
What is -8 + (-10 - -1) - -11?
-6
What is the value of 0 + (-1 - 1) - (-1 + 2)?
-3
(-2 - 1) + (2 + -2 - 1)
-4
Evaluate 2 - (6 + 2 + -3 + -4).
1
What is -9 + (6 - 3) + -19 + 17?
-8
Evaluate (5 - (1 + 9)) + 7.
2
Evaluate 15 + -16 + 7 + -4.
2
Calculate -1 + (9 - 3 - -2) + 0.
7
What is 3 - -2 - (1 - 0)?
4
What is the value of -14 + 14 + (-1 - (2 - 4))?
1
(3 - (4 - -2)) + -1
-4
Calculate -1 + -1 - (4 + 3 - 2).
-7
Calculate 12 + -13 + (4 - -1).
4
Calculate 50 + -46 + 0 + (-2 - -5).
7
8 - (-10 - -7 - (-6 - 0))
5
What is -3 - (2 + -7 - 0) - 0?
2
Evaluate -4 - 2 - (-5 + -3).
2
What is 79 - 77 - (3 - (2 - 2))?
-1
What is the value of 1 + (5 - -2) + -3?
5
What is -1 + (-3 - (-7 - -7))?
-4
What is -11 + 6 - (-2 - -6 - 9)?
0
Calculate 6 - (-4 - -5) - 8.
-3
Calculate -1 + -2 + (-38 - -42).
1
What is the value of 3 + -3 + (0 - 2 - 3)?
-5
Calculate -8 + 4 + 2 - (1 + -4).
1
Calculate 6 + 0 - (1 - 0).
5
Evaluate -5 + (4 - 0) + -1 + 2.
0
Calculate 5 + 0 + -1 + 1.
5
Calculate (-18 - -15) + (-1 - -2) + 6.
4
Calculate (1 - 0) + (-10 - -12).
3
What is the value of 1 - 1 - (-2 + 2 + 4)?
-4
What is the value of -2 + 4 + -8 + 1 + 4?
-1
What is -8 + (3 + -4 - -4)?
-5
Evaluate (-3 + 28 - 9) + -11.
5
Calculate -4 + 2 + (2 - (2 - -4)).
-6
Evaluate -1 + (-2 - -4) + 1.
2
What is -3 - (-5 + (6 - 6))?
2
What is the value of -6 - -8 - (-2 + 1)?
3
What is the value of 13 - (12 - -12) - -4?
-7
Calculate (17 + -1 - 3) + -8.
5
What is -3 - (0 - (0 - 0) - -2)?
-5
Calculate -3 + 3 - (-6 - (-9 - 6)).
-9
What is -8 + (13 - 2) + -4?
-1
Calculate 3 - (-5 + 1 - -1).
6
Evaluate 6 + (-2 + 4 + -1 - 4).
3
What is 3 + (-8 - -12) + -8?
-1
What is 0 + (4 - (3 - 0))?
1
Evaluate -6 + 13 - 0 - 4.
3
Calculate 3 + 4 + -3 + -7.
-3
4 + (-1 - 5) + 6
4
Evaluate 1 + (2 - 3) + (1 - 1).
0
What is the value of 16 + (-4 - (-1 - -4))?
9
Calculate 0 + (-1 - 2) + 3.
0
Calculate (0 - -4) + (0 - 1).
3
(0 - -6) + (1 - 14) + 7
0
(0 - 0 - (5 + -1)) + 0
-4
-2 - -6 - (8 - (-6 + 10))
0
Calculate (4 - 2) + (4 - 3).
3
Calculate (-3 - (4 + -12)) + -1.
4
Evaluate -4 + 18 + -5 + 0 + -4.
5
What is 0 + (4 - 8) + -1 + -1?
-6
Calculate -1 + 1 + 2 + -2.
0
What is 51 + -60 - (1 - 7)?
-3
What is (-2 - (-1 - -3 - 4)) + -4?
-4
What is -8 - (-6 + 2) - -9?
5
What is 8 - 10 - (6 + -11)?
3
Evaluate 0 - 9 - (62 - 66).
-5
2 + (2 + 2 - 8)
-2
What is the value of -1 + (-5 - -6) + 